st the prime factors of 132852.
2, 3, 11071
List the prime factors of 168313.
37, 4549
What are the prime factors of 1740181?
1740181
What are the prime factors of 638424?
2, 3, 8867
What are the prime factors of 50517?
3, 1871
What are the prime factors of 1240503?
3, 11, 37591
What are the prime factors of 2044942?
2, 71, 14401
List the prime factors of 2068832.
2, 17, 3803
List the prime factors of 630317.
47, 13411
What are the prime factors of 218955?
3, 5, 11, 1327
List the prime factors of 25510323.
3, 41, 207401
What are the prime factors of 131362?
2, 7, 11, 853
List the prime factors of 117845.
5, 7, 13, 37
List the prime factors of 3845029.
3845029
What are the prime factors of 8198132?
2, 2049533
List the prime factors of 19982921.
7, 2854703
List the prime factors of 1121926.
2, 13, 43151
List the prime factors of 715907.
43, 16649
What are the prime factors of 17531780?
2, 5, 7, 97, 1291
List the prime factors of 10285571.
10285571
List the prime factors of 3940756.
2, 41, 24029
What are the prime factors of 234815?
5, 7, 6709
List the prime factors of 55240.
2, 5, 1381
List the prime factors of 2034377.
199, 10223
What are the prime factors of 1154107?
157, 7351
List the prime factors of 404434.
2, 19, 29, 367
List the prime factors of 298372.
2, 97, 769
List the prime factors of 31091.
31091
List the prime factors of 195985.
5, 19, 2063
List the prime factors of 3026452.
2, 11, 13, 37
List the prime factors of 3167237.
37, 85601
What are the prime factors of 99666?
2, 3, 7, 113
What are the prime factors of 5437269?
3, 23, 26267
What are the prime factors of 77169?
3, 29, 887
List the prime factors of 2452845.
3, 5, 17, 9619
What are the prime factors of 8804521?
11, 17, 197, 239
List the prime factors of 720206.
2, 41, 8783
List the prime factors of 98464.
2, 17, 181
List the prime factors of 1309914.
2, 3, 61, 1193
List the prime factors of 670618.
2, 13, 25793
What are the prime factors of 75451?
197, 383
What are the prime factors of 22842440?
2, 5, 59, 9679
What are the prime factors of 471276?
2, 3, 13, 19, 53
List the prime factors of 5983842.
2, 3, 997307
List the prime factors of 4203862.
2, 13, 17, 9511
What are the prime factors of 429288?
2, 3, 31, 577
List the prime factors of 176236.
2, 44059
What are the prime factors of 1199079?
3, 7, 2719
What are the prime factors of 2400244?
2, 7, 11, 7793
List the prime factors of 3055857.
3, 7, 145517
List the prime factors of 216430.
2, 5, 23, 941
What are the prime factors of 523380?
2, 3, 5, 11, 13, 61
What are the prime factors of 220779?
3, 13, 17, 37
List the prime factors of 1290929.
17, 75937
What are the prime factors of 3450445?
5, 690089
What are the prime factors of 21616540?
2, 5, 11, 98257
What are the prime factors of 556814?
2, 19, 14653
What are the prime factors of 907421?
19, 163, 293
List the prime factors of 149654.
2, 74827
List the prime factors of 36551411.
13, 17, 165391
List the prime factors of 1459147.
101, 14447
List the prime factors of 2057551.
239, 8609
What are the prime factors of 47459?
47459
List the prime factors of 5437427.
1109, 4903
What are the prime factors of 356841?
3, 31, 1279
What are the prime factors of 248272?
2, 59, 263
What are the prime factors of 812051?
812051
What are the prime factors of 344021?
344021
What are the prime factors of 293594?
2, 7, 67, 313
What are the prime factors of 1689342?
2, 3, 281557
List the prime factors of 1605011.
157, 10223
What are the prime factors of 181729?
181729
What are the prime factors of 29074?
2, 14537
List the prime factors of 1363305.
3, 5, 90887
List the prime factors of 20495402.
2, 29, 31, 11399
List the prime factors of 335795.
5, 239, 281
List the prime factors of 1672697.
13, 128669
List the prime factors of 2876348.
2, 557, 1291
What are the prime factors of 159964?
2, 7, 29, 197
What are the prime factors of 864498?
2, 3, 149, 967
What are the prime factors of 128918?
2, 73, 883
What are the prime factors of 3685540?
2, 5, 127, 1451
List the prime factors of 372852.
2, 3, 10357
List the prime factors of 224203.
7, 32029
What are the prime factors of 6699803?
11, 47, 12959
What are the prime factors of 54523?
7, 7789
What are the prime factors of 160385?
5, 32077
List the prime factors of 20042649.
3, 11, 443, 457
What are the prime factors of 5220568?
2, 547, 1193
List the prime factors of 19909262.
2, 227, 43853
List the prime factors of 4529341.
4529341
What are the prime factors of 107428?
2, 107, 251
What are the prime factors of 2943435?
3, 5, 11, 17839
What are the prime factors of 247767?
3, 13, 6353
What are the prime factors of 140795?
5, 29, 971
What are the prime factors of 12660261?
3, 523, 8069
What are the prime factors of 8427289?
13, 157, 4129
List the prime factors of 478626.
2, 3, 241, 331
List the prime factors of 112548.
2, 3, 83, 113
List the prime factors of 1386231.
3, 7, 11, 17, 353
List the prime factors of 1387037.
1387037
What are the prime factors of 1807956?
2, 3, 50221
List the prime factors of 1825769.
11, 79, 191
List the prime factors of 43749.
3, 4861
List the prime factors of 250377.
3, 83459
What are the prime factors of 4651288?
2, 581411
List the prime factors of 13428934.
2, 19, 47, 73, 103
What are the prime factors of 171259?
11, 15569
What are the prime factors of 121258?
2, 19, 3191
List the prime factors of 88467.
3, 37, 797
List the prime factors of 4870611.
3, 157, 383
List the prime factors of 951527.
587, 1621
What are the prime factors of 563089?
139, 4051
List the prime factors of 213152.
2, 6661
List the prime factors of 691577.
17, 2393
List the prime factors of 12650255.
5, 97, 26083
List the prime factors of 2447045.
5, 489409
What are the prime factors of 2282459?
2282459
What are the prime factors of 994108?
2, 31, 8017
What are the prime factors of 1935436?
2, 59, 139
List the prime factors of 2964799.
263, 11273
What are the prime factors of 1583848?
2, 7, 28283
What are the prime factors of 5268465?
3, 5, 47, 53
List the prime factors of 344290.
2, 5, 34429
What are the prime factors of 84507?
3, 17, 1657
List the prime factors of 120661.
120661
List the prime factors of 18909139.
18909139
What are the prime factors of 1282716?
2, 3, 37, 107
List the prime factors of 4011808.
2, 283, 443
List the prime factors of 6586113.
3, 271, 8101
What are the prime factors of 4290745?
5, 858149
What are the prime factors of 16745901?
3, 17, 101, 3251
List the prime factors of 20027999.
20027999
What are the prime factors of 17220?
2, 3, 5, 7, 41
List the prime factors of 2325682.
2, 31, 37511
List the prime factors of 1013343.
3, 337781
What are the prime factors of 23098196?
2, 11, 524959
What are the prime factors of 994088?
2, 313, 397
List the prime factors of 641489.
419, 1531
What are the prime factors of 1791284?
2, 11, 3701
What are the prime factors of 1312084?
2, 331, 991
What are the prime factors of 308887?
308887
What are the prime factors of 13152148?
2, 3288037
What are the prime factors of 1918007?
7, 13, 3011
What are the prime factors of 3040999?
13, 233923
What are the prime factors of 43844668?
2, 7, 277, 5653
What are the prime factors of 11046623?
7, 563, 2803
List the prime factors of 10133718.
2, 3, 7, 89, 2711
What are the prime factors of 404270?
2, 5, 40427
What are the prime factors of 5574121?
7, 796303
List the prime factors of 419206.
2, 239, 877
List the prime factors of 1264399.
41, 30839
List the prime factors of 2553436.
2, 638359
What are the prime factors of 2332270?
2, 5, 59, 67
List the prime factors of 18832650.
2, 3, 5, 125551
List the prime factors of 1407023.
1407023
What are the prime factors of 1695589?
7, 242227
List the prime factors of 1125422.
2, 562711
List the prime factors of 3163786.
2, 373, 4241
What are the prime factors of 198617?
31, 43, 149
List the prime factors of 4515799.
4515799
List the prime factors of 4173865.
5, 834773
What are the prime factors of 168145?
5, 33629
List the prime factors of 420837.
3, 151, 929
List the prime factors of 425424.
2, 3, 8863
What are the prime factors of 15204440?
2, 5, 41, 73, 127
What are the prime factors of 213161?
13, 19, 863
List the prime factors of 125594.
2, 7, 8971
What are the prime factors of 13005472?
2, 547, 743
L